ed by 17.
14
Calculate the remainder when 28 is divided by 10.
8
Calculate the remainder when 617 is divided by 153.
5
What is the remainder when 208 is divided by 42?
40
Calculate the remainder when 209 is divided by 40.
9
Calculate the remainder when 1350 is divided by 446.
12
What is the remainder when 394 is divided by 58?
46
Calculate the remainder when 12481 is divided by 14.
7
Calculate the remainder when 333 is divided by 96.
45
Calculate the remainder when 620 is divided by 68.
8
What is the remainder when 327 is divided by 42?
33
Calculate the remainder when 51 is divided by 7.
2
What is the remainder when 224 is divided by 54?
8
What is the remainder when 1602 is divided by 107?
104
Calculate the remainder when 689 is divided by 11.
7
Calculate the remainder when 1716 is divided by 17.
16
What is the remainder when 58 is divided by 22?
14
Calculate the remainder when 587 is divided by 574.
13
Calculate the remainder when 167 is divided by 12.
11
Calculate the remainder when 1301 is divided by 1274.
27
Calculate the remainder when 452 is divided by 151.
150
Calculate the remainder when 328 is divided by 34.
22
What is the remainder when 576 is divided by 285?
6
What is the remainder when 1758 is divided by 10?
8
Calculate the remainder when 54 is divided by 49.
5
What is the remainder when 592 is divided by 54?
52
What is the remainder when 324 is divided by 39?
12
Calculate the remainder when 148 is divided by 46.
10
Calculate the remainder when 11217 is divided by 22.
19
What is the remainder when 5791 is divided by 51?
28
Calculate the remainder when 84 is divided by 62.
22
Calculate the remainder when 94 is divided by 10.
4
What is the remainder when 266 is divided by 25?
16
Calculate the remainder when 43 is divided by 28.
15
What is the remainder when 38 is divided by 12?
2
What is the remainder when 38 is divided by 14?
10
Calculate the remainder when 1856 is divided by 31.
27
Calculate the remainder when 2525 is divided by 23.
18
Calculate the remainder when 622 is divided by 198.
28
Calculate the remainder when 51 is divided by 27.
24
What is the remainder when 173 is divided by 40?
13
Calculate the remainder when 208 is divided by 104.
0
Calculate the remainder when 319 is divided by 8.
7
Calculate the remainder when 435 is divided by 21.
15
Calculate the remainder when 2258 is divided by 73.
68
What is the remainder when 21 is divided by 11?
10
Calculate the remainder when 728 is divided by 47.
23
Calculate the remainder when 1208 is divided by 5.
3
What is the remainder when 141 is divided by 46?
3
Calculate the remainder when 83 is divided by 48.
35
What is the remainder when 405 is divided by 66?
9
What is the remainder when 7897 is divided by 100?
97
Calculate the remainder when 31028 is divided by 10342.
2
What is the remainder when 1009 is divided by 44?
41
What is the remainder when 222 is divided by 7?
5
What is the remainder when 7 is divided by 7?
0
Calculate the remainder when 929 is divided by 133.
131
What is the remainder when 351 is divided by 59?
56
Calculate the remainder when 877 is divided by 85.
27
What is the remainder when 565 is divided by 57?
52
What is the remainder when 809 is divided by 29?
26
Calculate the remainder when 1779 is divided by 54.
51
Calculate the remainder when 6 is divided by 6.
0
What is the remainder when 435 is divided by 111?
102
Calculate the remainder when 2201 is divided by 68.
25
What is the remainder when 92 is divided by 9?
2
Calculate the remainder when 816 is divided by 87.
33
What is the remainder when 827 is divided by 23?
22
What is the remainder when 98 is divided by 11?
10
What is the remainder when 170 is divided by 35?
30
Calculate the remainder when 48 is divided by 9.
3
Calculate the remainder when 96 is divided by 13.
5
What is the remainder when 714 is divided by 141?
9
Calculate the remainder when 22533 is divided by 72.
69
What is the remainder when 172 is divided by 45?
37
Calculate the remainder when 122 is divided by 51.
20
What is the remainder when 306 is divided by 39?
33
What is the remainder when 201 is divided by 51?
48
Calculate the remainder when 219 is divided by 42.
9
What is the remainder when 7977 is divided by 133?
130
Calculate the remainder when 347 is divided by 59.
52
What is the remainder when 1353 is divided by 6?
3
What is the remainder when 146 is divided by 76?
70
Calculate the remainder when 3116 is divided by 156.
152
What is the remainder when 686 is divided by 16?
14
What is the remainder when 612 is divided by 88?
84
Calculate the remainder when 2108 is divided by 84.
8
Calculate the remainder when 723 is divided by 89.
11
Calculate the remainder when 117 is divided by 41.
35
What is the remainder when 82 is divided by 7?
5
Calculate the remainder when 34 is divided by 23.
11
Calculate the remainder when 2374 is divided by 12.
10
Calculate the remainder when 586 is divided by 31.
28
What is the remainder when 5255 is divided by 4?
3
Calculate the remainder when 18493 is divided by 45.
43
What is the remainder when 212 is divided by 55?
47
What is the remainder when 144 is divided by 40?
24
Calculate the remainder when 911 is divided by 291.
38
Calculate the remainder when 945 is divided by 86.
85
Calculate the remainder when 490 is divided by 6.
4
Calculate the remainder when 370 is divided by 114.
28
Calculate the remainder when 4298 is divided by 10.
8
Calculate the remainder when 356 is divided by 52.
44
What is the remainder when 214 is divided by 20?
14
What is the remainder when 1196 is divided by 109?
106
Calculate the remainder when 2329 is divided by 63.
61
Calculate the remainder when 174 is divided by 12.
6
What is the remainder when 179 is divided by 32?
19
What is the remainder when 271 is divided by 93?
85
What is the remainder when 556 is divided by 213?
130
Calculate the remainder when 428 is divided by 13.
12
What is the remainder when 235 is divided by 50?
35
What is the remainder when 4975 is divided by 384?
367
What is the remainder when 39 is divided by 23?
16
What is the remainder when 566 is divided by 41?
33
Calculate the remainder when 1141 is divided by 39.
10
What is the remainder when 12 is divided by 5?
2
Calculate the remainder when 525 is divided by 46.
19
Calculate the remainder when 281 is divided by 58.
49
What is the remainder when 948 is divided by 235?
8
What is the remainder when 45 is divided by 20?
5
What is the remainder when 280 is divided by 19?
14
What is the remainder when 1517 is divided by 316?
253
Calculate the remainder when 1413 is divided by 118.
115
Calculate the remainder when 1141 is divided by 3.
1
What is the remainder when 196 is divided by 193?
3
What is the remainder when 1151 is divided by 180?
71
Calculate the remainder when 41 is divided by 28.
13
Calculate the remainder when 326 is divided by 8.
6
What is the remainder when 177 is divided by 2?
1
What is the remainder when 165 is divided by 24?
21
Calculate the remainder when 91 is divided by 29.
4
What is the remainder when 771 is divided by 6?
3
Calculate the remainder when 157 is divided by 53.
51
What is the remainder when 33986 is divided by 58?
56
What is the remainder when 1517 is divided by 80?
77
What is the remainder when 577 is divided by 168?
73
Calculate the remainder when 912 is divided by 67.
41
What is the remainder when 538 is divided by 139?
121
Calculate the remainder when 93 is divided by 10.
3
What is the remainder when 58 is divided by 25?
8
Calculate the remainder when 98 is divided by 44.
10
Calculate the remainder when 94 is divided by 48.
46
Calculate the remainder when 97 is divided by 49.
48
What is the remainder when 235 is divided by 79?
77
What is the remainder when 2342 is divided by 42?
32
What is the remainder when 1926 is divided by 49?
15
Calculate the remainder when 434 is divided by 8.
2
What is the remainder when 441 is divided by 89?
85
What is the remainder when 935 is divided by 12?
11
Calculate the remainder when 157 is divided by 82.
75
What is the remainder when 239 is divided by 106?
27
Calculate the remainder when 1501 is divided by 29.
22
What is the remainder when 127 is divided by 29?
11
Calculate the remainder when 3813 is divided by 18.
15
What is the remaind